s of 672/(-64)*(-604)/6?
7, 151
Let r(h) = -7*h**2 + h - 11. Let x(c) = -15*c**2 + c - 23. Let q(g) = -13*r(g) + 6*x(g). What are the prime factors of q(9)?
23
Suppose 3971 - 28471 = -25*b. What are the prime factors of b?
2, 5, 7
Let s be 2 - (-5)/5 - -1. List the prime factors of (1 - 2)/(s/(-12)).
3
Suppose -3*z = -3*p - z + 16, -p - z - 3 = 0. Suppose p*g + 2*g = 208. Suppose -c = 3*c - g. List the prime factors of c.
13
Let w(x) = 7*x**2 - x + 2. What are the prime factors of w(2)?
2, 7
Suppose q = 4*z - 14069, 11*z - 3*q = 16*z - 17565. List the prime factors of z.
2, 3, 293
Let t(i) = i**3 - 4*i**2 + 4*i. Let v be t(2). Suppose 2*z = 5*a - a + 176, 3*z + 12 = v. List the prime factors of -7 + -2 + 6 - a.
43
Let c be (-5)/4*(-5 + 1). Suppose -c*z + 21 = 1. Suppose -24 = -z*j + 3*j. What are the prime factors of j?
2, 3
Let z(k) = -54*k - 474. What are the prime factors of z(-11)?
2, 3, 5
Let y be (-4)/10*(-30)/(-3). Let v be y/(-5)*20/8. List the prime factors of 10 - (v - -3 - 2).
7
Let u = -113 + 184. Let q = 127 - u. List the prime factors of q.
2, 7
Let q(n) = 2*n**2. Let f be -2 + -42*(3 - 2). Let l be (-2 - 0)/(22/f). What are the prime factors of q(l)?
2
Let f = 967 + -661. List the prime factors of f.
2, 3, 17
Suppose -320*j = -311*j - 2070. List the prime factors of j.
2, 5, 23
Suppose 3*p = -5*s, -4*s - 6 = -2*s. Suppose -p*x = m - 80, -2*x + 56 = x - m. What are the prime factors of x?
17
Suppose -54 = 5*u - 14*u. Suppose 4*t + 2 = -u, 3*t = 4*w - 30. Suppose l + 218 = w*l + 3*f, -2*l + f = -85. List the prime factors of l.
43
What are the prime factors of ((-4)/4)/(-3*(-3)/(-8397))?
3, 311
Let f = 8 - 4. Suppose 4 = j - g, -f*j + g = -21 - 7. List the prime factors of 34 - -6*4/j.
37
Let a = 2264 - -1136. List the prime factors of a.
2, 5, 17
Let r = -4 + 1. Let x = -58 - -66. List the prime factors of x/3*r/(-2).
2
What are the prime factors of (-1450)/(-30)*3 - (-1 + 3)?
11, 13
Let p(n) = 94*n + 539. List the prime factors of p(13).
3, 587
Let z = -242 - -82. List the prime factors of (-9)/2*z/12.
2, 3, 5
Suppose -11 = -7*f + 3. Let r = f - -9. List the prime factors of r.
11
Suppose d - 5*m - 502 = -2*m, -2*d = m - 1011. List the prime factors of d.
5, 101
Let n be 2*14*18/8. Let a be -33 + 35 + 2 + 5. Suppose -2*x + n = a. What are the prime factors of x?
3
Let r = 3 - -45. Suppose -904 + r = -8*n. What are the prime factors of n?
107
What are the prime factors of ((3990/8)/(-7) + -5)*-4?
5, 61
Suppose 7*p = 82 + 114. List the prime factors of -33*(-5)/4 - p/112.
41
Let k be (-3)/(-9) + 42/9. Suppose -5*c + 8 = w + 2, -k*w - 42 = c. Let u = w + 12. List the prime factors of u.
3
What are the prime factors of (-6 + 95/15)*(10525 + 8)?
3511
Let n(y) = y**3 + 10*y**2 - 8*y + 3653. List the prime factors of n(0).
13, 281
Let c(h) = -h**3 - 6*h**2 - 4*h + 5. Let g be c(-5). Suppose g*j = 4*j. Suppose 4*w + 0*w = -3*m + 39, j = 5*m + 2*w - 51. List the prime factors of m.
3
Let v be 22/(-88) + 5/4. List the prime factors of 0 - (v - -2 - 55).
2, 13
Let y(c) = 20*c**3 - 3*c**2 + 2*c - 2. List the prime factors of y(2).
2, 3, 5
Let y = -2 - 3. Let o(d) = -22*d + 5. List the prime factors of o(y).
5, 23
Suppose 0 = -5*w + 5*c + 8340, 649 = 2*w - c - 2685. List the prime factors of w.
2, 7, 17
Suppose -5*n + 3*j + 91 - 29 = 0, -5*n + j + 64 = 0. Suppose 2*s - 5 + 3 = 0. Suppose 3*h - 5 = -p + s, -4*p + n = h. What are the prime factors of p?
3
Suppose 25*g = 24*g + 380. List the prime factors of 3 - (-9)/(18/g).
193
Let f = -94 - -75. Suppose 3*g + 2*w + 5 = 0, -5*g - 2*w = 2*w + 7. Let j = g - f. List the prime factors of j.
2
Suppose 8 - 17 = -3*m. Suppose 4*a = m*x + 253, 3*a + a = -5*x + 261. List the prime factors of a.
2
Let t = 17 - 17. List the prime factors of 10*(1/(-1) + t)*-1.
2, 5
Suppose -14*w + 6*w = -14288. List the prime factors of w.
2, 19, 47
Let d(a) = 4*a**3 + 2*a**2 - 4*a + 2. Suppose 0 = 8*k - 8 - 8. List the prime factors of d(k).
2, 17
Let c = -2914 + 5251. List the prime factors of c.
3, 19, 41
Let i = -29 + 55. Suppose 410 = -21*n + i*n. Let h = n - 49. List the prime factors of h.
3, 11
Suppose 9*n - 5*n = 24. Suppose -5*l - n = -16. Suppose y + 153 = 3*b, -4*b + 326 = l*y + 112. List the prime factors of b.
2, 13
Suppose 20 = 6*c - c. Suppose -4*v = -6*v + 3*l + 190, -3*l = 4*v - 398. Suppose c*h + 14 - v = 0. What are the prime factors of h?
3, 7
Suppose -r - 1979 = -2*h, 0*h + 2*h - 3*r = 1969. List the prime factors of h.
2, 31
List the prime factors of 3/(-6)*(-24 - 3940).
2, 991
Suppose 2*p + p = -3*u - 189, -2*u - 124 = 4*p. Let m = u + 166. What are the prime factors of m?
2, 3, 17
Let o(m) = -59*m + 27. Let k(v) = -30*v + 13. Let x(a) = 5*k(a) - 2*o(a). What are the prime factors of x(-4)?
139
Suppose -11*z = -6*z - 820. Suppose 21*t + z = 25*t. List the prime factors of t.
41
Suppose -730 = 2*s + 2*t, 3*s + 0*t = -5*t - 1091. Let i = s - -637. List the prime factors of i.
2, 3, 5
Let t(i) = 31 + 8*i - 12 + 2*i**2 + i**2. Let p be t(-9). Suppose 0*f = 5*f - p. List the prime factors of f.
2, 19
Let y(z) = z**3 - 11*z**2 - 13*z - 23. List the prime factors of y(15).
2, 11, 31
Let j = 1018 + 1005. What are the prime factors of j?
7, 17
Suppose -1978 = -10*m - 78. Let j = m - 157. List the prime factors of j.
3, 11
Let s be 234/15 - (-2)/5. Suppose 40 = -12*u + s*u. What are the prime factors of u?
2, 5
Let c(z) = -z**3 - 15*z**2 - 25*z - 7. Let q be c(-13). List the prime factors of (256/q)/((-3)/15).
2
List the prime factors of 10/55 - (-237978)/99.
2, 601
Suppose -7*l = -3*l + 596. Let d = l - -98. Let k = 83 + d. List the prime factors of k.
2
Let b(t) = 231*t - 23. List the prime factors of b(4).
17, 53
Let w = 912 + 117. What are the prime factors of w?
3, 7
Let r(y) = -y**3 + 20*y**2 - 15*y - 35. List the prime factors of r(19).
41
Suppose 6602 = 3*r - 5*j, 5*j = -5*r + 16076 - 5046. What are the prime factors of r?
2, 19, 29
What are the prime factors of (-6628)/(-30) + 2/30?
13, 17
Let c(h) = 104*h**2 - 3*h + 2. What are the prime factors of c(1)?
103
Let w = -5 + -12. Let u = -28 - -73. Let o = u + w. What are the prime factors of o?
2, 7
Let y(k) = -k - 6. Let u be y(0). Let v(n) = n**3 + 6*n**2 - 2*n - 8. Let r be v(u). Suppose 3*t = -4*z + 55, r*z = z - t + 40. What are the prime factors of z?
13
Suppose 5*g + 3*y - 33 = 32, -3*g + 3*y + 15 = 0. Suppose 0 = -7*x + g*x - 72. List the prime factors of x.
2, 3
Let l be -3 + (-30)/(-12) + 1/(-2). List the prime factors of (-4 - 5/l)*179.
179
Suppose -43*x + 3396 + 55772 = 0. What are the prime factors of x?
2, 43
Let y = 777 + -491. What are the prime factors of y?
2, 11, 13
Suppose 8 = 4*o, -3*j - 3*o + 727 = -o. What are the prime factors of j?
241
Suppose 5*t - 3*d + 21 = 0, 2 = -2*t - 2*t - 5*d. Let l(f) = -6*f - 8. What are the prime factors of l(t)?
2, 5
Let s be (-9342)/(-24) + (-3)/12. Suppose 74 = -5*d + s. What are the prime factors of d?
3, 7
Let l = 8 - 4. Suppose 0 = -l*z - 12 - 0. What are the prime factors of (-127)/z + (-6)/(-9)?
43
Let o(f) = -3*f + 50. Let j be o(16). Suppose 3*n + 3*a - 645 = 0, 1084 = -j*n + 7*n - 4*a. What are the prime factors of n?
2, 3
Let v(n) = -10*n + 164. What are the prime factors of v(-21)?
2, 11, 17
Suppose 0 = 11*t - 4*t - 3311. What are the prime factors of t?
11, 43
What are the prime factors of (-2)/(-4) - (-249)/2?
5
Let w(q) = 62*q**2 - 5*q - 2. What are the prime factors of w(-3)?
571
Let x(s) = -2*s**2 - 27*s + 7. Let w = -97 + 86. List the prime factors of x(w).
2, 31
Suppose -912 - 475 = -g. List the prime factors of g.
19, 73
Suppose 3*n + 3 = -15. Let j be ((-4)/12)/(2/n). What are the prime factors of j/(-4) + (-298)/(-8)?
37
Suppose 9 = -0*f + 3*f. Let d = f - -80. What are the prime factors of d?
83
Suppose -26*p = -121377 - 7219. What are the prime factors of p?
2, 2473
Let v(a) = -a**2 + a - 1. Let w(q) = -6*q**2 - 2*q + 3. Let m(f) = -4*v(f) + w(f). Let g be m(-6). Let k = -14 - g. List the prime factors of k.
3, 5
Suppose -5*i + 554 = -4*z, 0 = -i + 7*z - 11*z + 130. What are the prime factors of i?
2, 3, 19
Let d(h) = h**3 + 3 + h + 6 - 9*h**2 - 2*h**3. Let s be d(-9). Suppose s*l = -l + 16. List the prime factors of l.
2
Let d(w) be the third derivative of 7*w**4/12 